e highest common divisor of w and 5.
5
Let g be 154 + (-4)/(7/((-42)/4)). What is the highest common divisor of g and 16?
16
Let p(o) = o**3 + 14*o**2 + 13*o - 7. Let r be p(-13). Let c(k) = -11*k - 29. Let i be c(r). Calculate the greatest common factor of 16 and i.
16
Let h(f) = -5 + 6*f**2 + f**3 - 12*f - 2*f**3 + 10*f. Let m be h(4). Calculate the highest common factor of m and 114.
19
Let z(h) = -5 + h - h**2 - 6*h + 14. Let p be z(-6). Suppose -p*g + 16 = -2. Calculate the highest common divisor of 54 and g.
6
Suppose -3*s + 8*s - v = 24, 0 = -3*v - 12. Let d be 96 + 0*(0 - -1). Suppose -5*r + d = -2*r. What is the greatest common divisor of r and s?
4
Let x = -30 + 26. Let g be 2 - 1*(4 + x). Let v = -1 + 2. What is the greatest common factor of v and g?
1
Let r = 14 - 10. Let l be 7 + 12 + -11 + 16. What is the highest common divisor of l and r?
4
Let a be ((-216)/(-192))/((10/(-16))/(-5)). Calculate the greatest common factor of 549 and a.
9
Let w(f) = f**3 - 3*f**2 + 4*f + 10. Let u be w(5). Calculate the greatest common divisor of u and 16.
16
Let a = -1441 + 1489. What is the highest common factor of a and 12?
12
Suppose -4*r = -s + 20, -4*s - 27 = 2*r - 197. Calculate the highest common divisor of 100 and s.
20
Let b be 11*(-285)/(-1155) - (-4)/14. Let s(m) = m**3 - 4*m**2 - 3*m + 5. Let k be s(5). What is the highest common divisor of b and k?
3
Let a = -24 - -24. Suppose a = 10*x - 6*x - 32. What is the greatest common factor of x and 88?
8
Let y(g) = -4*g + 42. Let r be y(0). Suppose 3*l - 5*w = 295, 0 = 2*l + 3*w + 15 - 237. Calculate the highest common divisor of r and l.
21
Suppose 1402 + 232 = 2*g. What is the greatest common divisor of 86 and g?
43
Suppose -5*a + 5*r + 336 + 64 = 0, 172 = 2*a + r. Let h = -21 + 33. Calculate the highest common divisor of h and a.
12
Suppose -2*z = -9*z + 70. Let f be (-687)/(-2) - (55/z - 5). What is the highest common factor of f and 49?
49
Suppose 25 = n - j, 3*n + 2*j - 18 - 52 = 0. Suppose -n*q = -26*q + 12. Let t be q/(-4)*220/(-3). Calculate the greatest common factor of 10 and t.
10
Let f(u) = u + 64. Let q be f(-36). Calculate the greatest common factor of q and 28.
28
Let c(t) be the second derivative of t**4/6 - 7*t**3/2 - 5*t**2/2 - 13*t. Let j be c(17). What is the greatest common divisor of j and 24?
24
Let p = -36 - -131. Calculate the greatest common factor of 171 and p.
19
Let u(c) = -c**3 + c**2 + 5*c - 4. Let q be u(-5). Suppose f + 3*f - 1 = -z, 0 = -2*z + 2*f + 22. Let a = z - -2. What is the highest common factor of a and q?
11
Suppose 7*h = -23*h + 390. What is the greatest common factor of h and 1?
1
Let o = 849 + -234. Calculate the greatest common divisor of o and 15.
15
Suppose 0 = -3*c + 2*n + 2*n - 2, -12 = -c - 5*n. Let s be c/(-3) + 2085/9. Calculate the highest common divisor of s and 21.
21
Let o be -2 + 6/4*-8. Let w be (-1 - o)/(2 - 1). Let j(m) = m**2 - 11*m + 16. Let a be j(w). What is the highest common divisor of a and 14?
14
Suppose -5*w = 2*z - 0*z - 46, 5*w - 3*z = 31. Let q(j) = -21*j - 79. Let c be q(-4). Suppose -6*n = -c*n - w. What is the greatest common divisor of 2 and n?
2
Let q be (-2 + 4)/(-4*(-6)/864). What is the highest common factor of 252 and q?
36
Let f = -6727 + 6757. Suppose -2*p - 46 = -136. What is the highest common factor of f and p?
15
Suppose 2*t + 4*q = 12, q = -0*t - 5*t + 30. Let h be (-16)/(-6)*t/4. Suppose 39 + 25 = h*y. Calculate the greatest common divisor of 112 and y.
16
Let w be (-64)/(-12) + 10/15. What is the greatest common factor of 6 and w?
6
Let a(v) be the second derivative of v**5/20 + 3*v**4/4 - v**2/2 - 4*v. Let u be a(-8). Suppose 707 = 4*s + u. What is the greatest common divisor of 23 and s?
23
Suppose -33*a - 49*a = -9594. What is the highest common factor of 13 and a?
13
Suppose -26*t + 1675 + 3239 = 0. Calculate the greatest common divisor of 7 and t.
7
Let i be (5 + 196/(-35))*-265. Calculate the highest common factor of i and 3.
3
Let y(j) = -2*j**2 - 8*j - 3. Let k be y(-5). Let p = k - -9. Let m = 79 + p. Calculate the greatest common factor of 15 and m.
15
Let n = -211 + 309. What is the highest common divisor of n and 2450?
98
Suppose 4*s = 2*p - 17 - 1, 0 = -3*s + 4*p - 26. Let r be ((-48)/(-8))/(s/(-7)). Calculate the highest common factor of 6 and r.
3
Let l(f) = -89*f - 538. Let z be l(-8). What is the greatest common factor of 290 and z?
58
Suppose 0 = -2*q + r + 24, -3*q + 2*r + 14 = 6*r. Let c be (140/42)/((-2)/(-6)). Calculate the highest common factor of q and c.
10
Let d be (-80)/(-6)*(-9 - -12). Calculate the highest common factor of d and 32.
8
Let v be 163 - (-60)/(-8)*16/24. Calculate the highest common divisor of 79 and v.
79
Let p be 45 + 0/(2 + -5). Let u be p/(-2)*(-4)/6. Suppose 3*o - u = -2*o. Calculate the greatest common factor of o and 24.
3
Let k(s) = -8*s + 4. Let d be k(-3). Let z = d - 14. Calculate the greatest common divisor of 35 and z.
7
Suppose 2*r + r = 0, 0 = y - 5*r - 3. Suppose y*u - 52 = 23. What is the greatest common factor of u and 20?
5
Let c(t) = -437*t + 11. Let d be c(-1). What is the highest common divisor of 56 and d?
56
Let i = -224 - -233. Calculate the greatest common factor of i and 207.
9
Suppose 0 = -3*q - 13*q + 96. Suppose -q*v + 30 = -72. Calculate the highest common factor of 119 and v.
17
Let n(u) = -4*u + 49. Suppose 7*b + 110 = 18*b. Let f be n(b). What is the highest common divisor of 99 and f?
9
Let d = 1178 - 1168. What is the highest common divisor of d and 290?
10
Let l(q) = 4*q + 152. Let v be l(-37). What is the greatest common factor of v and 12?
4
Let l(m) = -8*m - 48. Let j be l(-7). Let q(o) = o**2 - 2*o - 7. Let c be q(5). What is the highest common divisor of c and j?
8
Let l be 6/(-4) - 513/(-18). Let j = 0 - -3. Calculate the highest common factor of l and j.
3
Let z be 0 + (-1548)/(-4) - 0. Suppose -m + 75 = -r, -m + z = 4*m - r. What is the greatest common factor of 13 and m?
13
Suppose -85 - 105 = -5*r. Let b = -35 + r. Calculate the highest common factor of b and 27.
3
Let n be 11158/26 - (-2)/(-13). Suppose 5*j = n - 4. Calculate the greatest common divisor of j and 34.
17
Let z be (3/2)/(2/(-16)). Let i = 12 + z. Suppose 30 = 2*l - i*l. What is the greatest common factor of 15 and l?
15
Suppose -5*t + 1623 = z, -4*t + 1871 - 578 = -z. Calculate the greatest common factor of 1053 and t.
81
Let z be (52 - -44)/(1*2). What is the highest common divisor of 12 and z?
12
Suppose 0 = -q, 4*g + 9 = 4*q + 29. What is the highest common divisor of g and 4?
1
Suppose -2*i = -9*i + 105. Calculate the greatest common divisor of i and 30.
15
Suppose -1 = 3*n - 10. Suppose -n*b - b + 2*r + 12 = 0, b + r = 6. Let x be ((220 + 4)/b)/1. Calculate the highest common divisor of x and 8.
8
Suppose -2*r - 21 = w - 0*w, 0 = 2*r + 3*w + 23. Let i = r - -15. Calculate the highest common divisor of 35 and i.
5
Let i(l) = -l**3 - 33*l**2 + 7*l + 127. Let a be i(-35). What is the highest common divisor of 44 and a?
44
Let j = -65 + 73. Suppose -j*n = -12*n + 12. Calculate the highest common factor of 18 and n.
3
Let i = 38 - 33. Suppose 3*t - 228 = -i*k - 0*t, -5*t - 260 = -5*k. Let a(x) = 7*x - 2. Let y be a(2). What is the highest common factor of k and y?
12
Let g(n) = n**2 - 13*n + 32. Let p be g(10). Let m be ((-39)/2)/((-9)/(-24)*-2). What is the highest common factor of m and p?
2
Suppose -n - 3*v = -73, -2*v - 2*v - 116 = -2*n. Suppose 2*w - m = -0*m - 80, -w - 3*m = 54. Let y = w + n. What is the highest common factor of y and 198?
22
Suppose 6*i - 3*i + 89 = 2*n, -2*n - 5*i + 49 = 0. Let w = 2 - -1. Suppose -w*f = -11 - n. What is the highest common factor of 64 and f?
16
Let w = 39 + -34. Suppose 3*a + 0*a = -5*x - 105, -w*x + a - 85 = 0. Let g be -3 + (-5)/10*x. Calculate the highest common divisor of 3 and g.
3
Suppose 5*p = 15, -4*p = z - 2*p - 14. Let x = -469 - -477. What is the highest common factor of z and x?
8
Let b = 38 + -45. Let g be 0/(-2) - (b - -4). Suppose g*w = 4*w - 17. Calculate the greatest common divisor of w and 51.
17
Suppose 5*y = 3*q + 17, 3*y + q = 2*q + 11. Let j be 8/3*6/4. What is the greatest common factor of y and j?
4
Suppose -11 - 99 = 3*c - 2*p, -4*c + 4*p - 152 = 0. Let t = -10 - c. Let r(x) =